{"id":6,"date":"2020-06-07T06:01:00","date_gmt":"2020-06-07T06:01:00","guid":{"rendered":"https:\/\/www.pomponradar.com\/?page_id=6"},"modified":"2023-05-11T03:32:39","modified_gmt":"2023-05-11T03:32:39","slug":"pompon-radar","status":"publish","type":"page","link":"https:\/\/www.pomponradar.com\/","title":{"rendered":"Dre Diane Dulude, Ph.D., psychologue"},"content":{"rendered":"\n<div class=\"wp-block-media-text alignwide is-stacked-on-mobile is-vertically-aligned-top\" style=\"grid-template-columns:28% auto\"><figure class=\"wp-block-media-text__media\"><img decoding=\"async\" loading=\"lazy\" width=\"676\" height=\"763\" src=\"https:\/\/www.pomponradar.com\/wp-content\/uploads\/2022\/04\/DD-photo-JPsy.jpg\" alt=\"\" class=\"wp-image-141 size-full\" srcset=\"https:\/\/www.pomponradar.com\/wp-content\/uploads\/2022\/04\/DD-photo-JPsy.jpg 676w, https:\/\/www.pomponradar.com\/wp-content\/uploads\/2022\/04\/DD-photo-JPsy-266x300.jpg 266w\" sizes=\"(max-width: 676px) 100vw, 676px\" \/><\/figure><div class=\"wp-block-media-text__content\">\n<p>Bonjour, je suis Dre Diane Dulude (Ph.D.) psychologue sp\u00e9cialis\u00e9e dans la famille, les relations, les enfants, le d\u00e9veloppement des jeunes, le TDAH, le concept de soi et la r\u00e9silience. Je collabore activement depuis plus de vingt ans maintenant avec des coll\u00e8gues m\u00e9decins, neuropsychologues, \u00e9ducateurs sp\u00e9cialis\u00e9s et enseignants dans la prise en charge de jeunes atteints de TDAH et d&rsquo;autres difficult\u00e9s psychologiques, relationnelles et affectives. Je travaille comme clinicienne et comme chercheure ind\u00e9pendante et je suis la conceptrice de l\u2019approche clinique et scientifique, TDAH, force \u00e0 r\u00e9\u00e9quilibrer, une approche clinique solidement ancr\u00e9e dans la recherche scientifique. Cette approche s&rsquo;est av\u00e9r\u00e9e tr\u00e8s efficace pour aider non seulement les jeunes touch\u00e9s par le TDAH \u00e0 tirer parti de leur profil de personnalit\u00e9, mais \u00e9galement les jeunes affichant un profil anxieux, opposant ou encore une douance. Je crois fermement que pour b\u00e2tir une soci\u00e9t\u00e9 o\u00f9 chaque individu puisse mettre de l\u2019avant son plein potentiel autonome, heureux et efficace, nous devons soutenir le d\u00e9veloppement d&rsquo;un concept de soi positif chez chaque enfant, que son profil soit typique ou atypique. J\u2019ai \u00e9crit plusieurs livres et articles sur l\u2019approche du TDAH, force \u00e0 r\u00e9\u00e9quilibrer et sur l\u2019importance de sortir du prisme de pathologie face aux profils de personnalit\u00e9 ou d\u2019apprentissage atypiques. Je donne r\u00e9guli\u00e8rement des conf\u00e9rences et formations aux professionnels de l\u2019\u00e9ducation et de la sant\u00e9 ainsi qu\u2019au grand public et je d\u00e9veloppe des outils th\u00e9rapeutiques ludiques sur ces sujets et autres th\u00e8mes li\u00e9s au d\u00e9veloppement, \u00e0 la sant\u00e9 et \u00e0 la r\u00e9silience. Je pense aussi que les adultes ont la responsabilit\u00e9 d&rsquo;\u00e9tablir le contexte soci\u00e9tal qui favorisera chez les enfants une curiosit\u00e9 positive pour les diff\u00e9rents profils de personnalit\u00e9 et d&rsquo;apprentissage. C&rsquo;est en ce sens que j\u2019ai d\u00e9velopp\u00e9 le projet Pompon Radar. <a href=\"https:\/\/www.pomponradar.com\/index.php\/projet-pompon-radar-des-details\/\" data-type=\"page\" data-id=\"145\">Pour plus de d\u00e9tails&#8230;<\/a><\/p>\n<\/div><\/div>\n\n\n\n<h2>Formations<\/h2>\n\n\n\n<h3><a href=\"http:\/\/pomponradar.com\/index.php\/formation-le-tdah-une-force-a-reequilibrer\/\">Formation en ligne 2h <em>Le TDAH, une force \u00e0 r\u00e9\u00e9quilibrer<\/em><\/a><\/h3>\n\n\n\n<p>En voici un extrait:<\/p>\n\n\n\n<figure class=\"wp-block-video\"><video controls src=\"https:\/\/bah.qwertyuiop.ca\/diane\/video\/formation-pour-tous-2h-extrait-2.mp4\"><\/video><figcaption><a href=\"http:\/\/pomponradar.com\/index.php\/formation-le-tdah-une-force-a-reequilibrer\/\">Le<\/a><a href=\"http:\/\/pomponradar.com\/index.php\/formation-le-tdah-une-force-a-reequilibrer\/\"> TDAH, une force \u00e0 r\u00e9\u00e9quilibrer<\/a><\/figcaption><\/figure>\n\n\n\n<h2>Mes livres<\/h2>\n\n\n\n<figure class=\"wp-block-image size-large\"><a href=\"https:\/\/www.pomponradar.com\/index.php\/pompon-radar-a-chacun-ses-forces\/\"><img decoding=\"async\" loading=\"lazy\" width=\"722\" height=\"561\" src=\"https:\/\/www.pomponradar.com\/wp-content\/uploads\/2023\/05\/compte-pour-pompon-couverture-1.png\" alt=\"\" class=\"wp-image-213\" srcset=\"https:\/\/www.pomponradar.com\/wp-content\/uploads\/2023\/05\/compte-pour-pompon-couverture-1.png 722w, https:\/\/www.pomponradar.com\/wp-content\/uploads\/2023\/05\/compte-pour-pompon-couverture-1-300x233.png 300w\" sizes=\"(max-width: 722px) 100vw, 722px\" \/><\/a><figcaption><a href=\"https:\/\/www.pomponradar.com\/index.php\/pompon-radar-a-chacun-ses-forces\/\" data-type=\"page\" data-id=\"201\">Pompon Radar \u00e0 chacun ses forces<\/a><\/figcaption><\/figure>\n\n\n\n<figure class=\"wp-block-image size-large\"><a href=\"https:\/\/www.pomponradar.com\/index.php\/victoire-et-la-petite-balle-de-golf\/\"><img decoding=\"async\" loading=\"lazy\" width=\"689\" height=\"556\" src=\"https:\/\/www.pomponradar.com\/wp-content\/uploads\/2023\/05\/Couverture.png\" alt=\"\" class=\"wp-image-179\" srcset=\"https:\/\/www.pomponradar.com\/wp-content\/uploads\/2023\/05\/Couverture.png 689w, https:\/\/www.pomponradar.com\/wp-content\/uploads\/2023\/05\/Couverture-300x242.png 300w\" sizes=\"(max-width: 689px) 100vw, 689px\" \/><\/a><figcaption><a href=\"https:\/\/www.pomponradar.com\/index.php\/victoire-et-la-petite-balle-de-golf\/\" data-type=\"page\" data-id=\"180\">Victoire et la petite balle de golf<\/a><\/figcaption><\/figure>\n\n\n\n<div class=\"wp-block-image\"><figure class=\"alignleft is-resized\"><a href=\"https:\/\/www.pomponradar.com\/index.php\/livre-pompon-radar\/\"><img decoding=\"async\" loading=\"lazy\" src=\"https:\/\/www.pomponradar.com\/wp-content\/uploads\/2020\/06\/Couvert-avant-682x1024.jpg\" alt=\"\" class=\"wp-image-25\" width=\"400\" height=\"600\" srcset=\"https:\/\/www.pomponradar.com\/wp-content\/uploads\/2020\/06\/Couvert-avant-682x1024.jpg 682w, https:\/\/www.pomponradar.com\/wp-content\/uploads\/2020\/06\/Couvert-avant-200x300.jpg 200w, https:\/\/www.pomponradar.com\/wp-content\/uploads\/2020\/06\/Couvert-avant-768x1153.jpg 768w, https:\/\/www.pomponradar.com\/wp-content\/uploads\/2020\/06\/Couvert-avant-1568x2355.jpg 1568w, https:\/\/www.pomponradar.com\/wp-content\/uploads\/2020\/06\/Couvert-avant.jpg 1799w\" sizes=\"(max-width: 400px) 100vw, 400px\" \/><\/a><figcaption><a href=\"https:\/\/www.pomponradar.com\/index.php\/livre-pompon-radar\/\">Pompon Radar<\/a><\/figcaption><\/figure><\/div>\n\n\n\n<div class=\"wp-block-image\"><figure class=\"alignleft is-resized\"><a href=\"https:\/\/www.pomponradar.com\/index.php\/livre-le-tdah-une-force-a-reequilibrer\/\"><img decoding=\"async\" loading=\"lazy\" src=\"https:\/\/www.pomponradar.com\/wp-content\/uploads\/2020\/07\/couvertureTDAH-DD.jpg\" alt=\"\" class=\"wp-image-53\" width=\"393\" height=\"602\" srcset=\"https:\/\/www.pomponradar.com\/wp-content\/uploads\/2020\/07\/couvertureTDAH-DD.jpg 359w, https:\/\/www.pomponradar.com\/wp-content\/uploads\/2020\/07\/couvertureTDAH-DD-196x300.jpg 196w\" sizes=\"(max-width: 393px) 100vw, 393px\" \/><\/a><figcaption><a href=\"https:\/\/www.pomponradar.com\/index.php\/livre-le-tdah-une-force-a-reequilibrer\/\">Le TDAH, une force \u00e0 r\u00e9\u00e9quilibrer<\/a><\/figcaption><\/figure><\/div>\n\n\n\n<div class=\"wp-block-image\"><figure class=\"alignleft is-resized\"><a href=\"https:\/\/www.pomponradar.com\/index.php\/livre-adhd-a-power-to-rebalance\/\"><img decoding=\"async\" loading=\"lazy\" src=\"https:\/\/www.pomponradar.com\/wp-content\/uploads\/2020\/07\/image-ADHD-a-Power-to-Rebalance.jpg\" alt=\"\" class=\"wp-image-54\" width=\"402\" height=\"602\" srcset=\"https:\/\/www.pomponradar.com\/wp-content\/uploads\/2020\/07\/image-ADHD-a-Power-to-Rebalance.jpg 267w, https:\/\/www.pomponradar.com\/wp-content\/uploads\/2020\/07\/image-ADHD-a-Power-to-Rebalance-200x300.jpg 200w\" sizes=\"(max-width: 402px) 100vw, 402px\" \/><\/a><figcaption><a href=\"https:\/\/www.pomponradar.com\/index.php\/livre-adhd-a-power-to-rebalance\/\">ADHD, a Power to Rebalance<\/a><\/figcaption><\/figure><\/div>\n\n\n\n<h2>Une r\u00e9ponse \u00e0 la surm\u00e9dicalisation du TDA\/H<\/h2>\n\n\n\n<h3>Formation <a href=\"https:\/\/www.weezevent.com\/de-tda-h-a-pompon-radar-le-tda-h-une-force-a-reequilibrer\">Le TDA\/H, une force \u00e0 r\u00e9\u00e9quilibrer<\/a> par Diane Dulude, Ph.D., Psychologue<\/h3>\n\n\n\n<h3>Mardi 19 Octobre 2021 de 19h \u00e0 21h30 au Centre St-Pierre \u00e0 Montr\u00e9al et en Webdiffusion.<\/h3>\n\n\n\n<p>La semaine du 14 au 21 octobre 2021 est la semaine de la sensibilisation au TDA\/H.<\/p>\n\n\n\n<p>Si vous avez le go\u00fbt de sortir de la surm\u00e9dicalisation, je donne une formation sur l&rsquo;approche clinique et scientifique que j&rsquo;ai d\u00e9velopp\u00e9e et qui fait de plus en plus ses preuves: <a href=\"https:\/\/www.weezevent.com\/de-tda-h-a-pompon-radar-le-tda-h-une-force-a-reequilibrer\">Le TDA\/H, une force \u00e0 r\u00e9\u00e9quilibrer<\/a>.<\/p>\n\n\n\n<p>Cette approche offre \u00e0 toute personne affect\u00e9e d&rsquo;un TDA\/H un nouveau regard sur son profil de personnalit\u00e9. La formation s&rsquo;adressera plus sp\u00e9cifiquement aux parents et intervenants pour les aider \u00e0 accompagner les enfants dans le d\u00e9veloppement de leur plein potentiel autonome et heureux. <a href=\"https:\/\/www.weezevent.com\/de-tda-h-a-pompon-radar-le-tda-h-une-force-a-reequilibrer\">Inscrivez-vous ici.<\/a><\/p>\n\n\n\n<h3 class=\"has-text-align-center\"><br><\/h3>\n\n\n\n<p><a href=\"https:\/\/www.pomponradar.com\/wp-admin\">Administration<\/a><\/p>\n","protected":false},"excerpt":{"rendered":"<p>Bonjour, je suis Dre Diane Dulude (Ph.D.) psychologue sp\u00e9cialis\u00e9e dans la famille, les relations, les enfants, le d\u00e9veloppement des jeunes, le TDAH, le concept de soi et la r\u00e9silience. Je collabore activement depuis plus de vingt ans maintenant avec des coll\u00e8gues m\u00e9decins, neuropsychologues, \u00e9ducateurs sp\u00e9cialis\u00e9s et enseignants dans la prise en charge de jeunes atteints [&hellip;]<\/p>\n","protected":false},"author":1,"featured_media":0,"parent":145,"menu_order":0,"comment_status":"closed","ping_status":"closed","template":"","meta":[],"_links":{"self":[{"href":"https:\/\/www.pomponradar.com\/index.php\/wp-json\/wp\/v2\/pages\/6"}],"collection":[{"href":"https:\/\/www.pomponradar.com\/index.php\/wp-json\/wp\/v2\/pages"}],"about":[{"href":"https:\/\/www.pomponradar.com\/index.php\/wp-json\/wp\/v2\/types\/page"}],"author":[{"embeddable":true,"href":"https:\/\/www.pomponradar.com\/index.php\/wp-json\/wp\/v2\/users\/1"}],"replies":[{"embeddable":true,"href":"https:\/\/www.pomponradar.com\/index.php\/wp-json\/wp\/v2\/comments?post=6"}],"version-history":[{"count":40,"href":"https:\/\/www.pomponradar.com\/index.php\/wp-json\/wp\/v2\/pages\/6\/revisions"}],"predecessor-version":[{"id":215,"href":"https:\/\/www.pomponradar.com\/index.php\/wp-json\/wp\/v2\/pages\/6\/revisions\/215"}],"up":[{"embeddable":true,"href":"https:\/\/www.pomponradar.com\/index.php\/wp-json\/wp\/v2\/pages\/145"}],"wp:attachment":[{"href":"https:\/\/www.pomponradar.com\/index.php\/wp-json\/wp\/v2\/media?parent=6"}],"curies":[{"name":"wp","href":"https:\/\/api.w.org\/{rel}","templated":true}]}}

<div class="wp-block-media-text alignwide is-stacked-on-mobile is-vertically-aligned-top" style="grid-template-columns:28% auto"><figure class="wp-block-media-text__media"><img decoding="async" loading="lazy" width="676" height="763" src="https://www.pomponradar.com/wp-content/uploads/2022/04/DD-photo-JPsy.jpg" alt="" class="wp-image-141 size-full" srcset="https://www.pomponradar.com/wp-content/uploads/2022/04/DD-photo-JPsy.jpg 676w, https://www.pomponradar.com/wp-content/uploads/2022/04/DD-photo-JPsy-266x300.jpg 266w" sizes="(max-width: 676px) 100vw, 676px" /></figure><div class="wp-block-media-text__content">
<p>Bonjour, je suis Dre Diane Dulude (Ph.D.) psychologue spécialisée dans la famille, les relations, les enfants, le développement des jeunes, le TDAH, le concept de soi et la résilience. Je collabore activement depuis plus de vingt ans maintenant avec des collègues médecins, neuropsychologues, éducateurs spécialisés et enseignants dans la prise en charge de jeunes atteints de TDAH et d&rsquo;autres difficultés psychologiques, relationnelles et affectives. Je travaille comme clinicienne et comme chercheure indépendante et je suis la conceptrice de l’approche clinique et scientifique, TDAH, force à rééquilibrer, une approche clinique solidement ancrée dans la recherche scientifique. Cette approche s&rsquo;est avérée très efficace pour aider non seulement les jeunes touchés par le TDAH à tirer parti de leur profil de personnalité, mais également les jeunes affichant un profil anxieux, opposant ou encore une douance. Je crois fermement que pour bâtir une société où chaque individu puisse mettre de l’avant son plein potentiel autonome, heureux et efficace, nous devons soutenir le développement d&rsquo;un concept de soi positif chez chaque enfant, que son profil soit typique ou atypique. J’ai écrit plusieurs livres et articles sur l’approche du TDAH, force à rééquilibrer et sur l’importance de sortir du prisme de pathologie face aux profils de personnalité ou d’apprentissage atypiques. Je donne régulièrement des conférences et formations aux professionnels de l’éducation et de la santé ainsi qu’au grand public et je développe des outils thérapeutiques ludiques sur ces sujets et autres thèmes liés au développement, à la santé et à la résilience. Je pense aussi que les adultes ont la responsabilité d&rsquo;établir le contexte sociétal qui favorisera chez les enfants une curiosité positive pour les différents profils de personnalité et d&rsquo;apprentissage. C&rsquo;est en ce sens que j’ai développé le projet Pompon Radar. <a href="https://www.pomponradar.com/index.php/projet-pompon-radar-des-details/" data-type="page" data-id="145">Pour plus de détails&#8230;</a></p>
</div></div>



<h2>Formations</h2>



<h3><a href="http://pomponradar.com/index.php/formation-le-tdah-une-force-a-reequilibrer/">Formation en ligne 2h <em>Le TDAH, une force à rééquilibrer</em></a></h3>



<p>En voici un extrait:</p>



<figure class="wp-block-video"><video controls src="https://bah.qwertyuiop.ca/diane/video/formation-pour-tous-2h-extrait-2.mp4"></video><figcaption><a href="http://pomponradar.com/index.php/formation-le-tdah-une-force-a-reequilibrer/">Le</a><a href="http://pomponradar.com/index.php/formation-le-tdah-une-force-a-reequilibrer/"> TDAH, une force à rééquilibrer</a></figcaption></figure>



<h2>Mes livres</h2>



<figure class="wp-block-image size-large"><a href="https://www.pomponradar.com/index.php/pompon-radar-a-chacun-ses-forces/"><img decoding="async" loading="lazy" width="722" height="561" src="https://www.pomponradar.com/wp-content/uploads/2023/05/compte-pour-pompon-couverture-1.png" alt="" class="wp-image-213" srcset="https://www.pomponradar.com/wp-content/uploads/2023/05/compte-pour-pompon-couverture-1.png 722w, https://www.pomponradar.com/wp-content/uploads/2023/05/compte-pour-pompon-couverture-1-300x233.png 300w" sizes="(max-width: 722px) 100vw, 722px" /></a><figcaption><a href="https://www.pomponradar.com/index.php/pompon-radar-a-chacun-ses-forces/" data-type="page" data-id="201">Pompon Radar à chacun ses forces</a></figcaption></figure>



<figure class="wp-block-image size-large"><a href="https://www.pomponradar.com/index.php/victoire-et-la-petite-balle-de-golf/"><img decoding="async" loading="lazy" width="689" height="556" src="https://www.pomponradar.com/wp-content/uploads/2023/05/Couverture.png" alt="" class="wp-image-179" srcset="https://www.pomponradar.com/wp-content/uploads/2023/05/Couverture.png 689w, https://www.pomponradar.com/wp-content/uploads/2023/05/Couverture-300x242.png 300w" sizes="(max-width: 689px) 100vw, 689px" /></a><figcaption><a href="https://www.pomponradar.com/index.php/victoire-et-la-petite-balle-de-golf/" data-type="page" data-id="180">Victoire et la petite balle de golf</a></figcaption></figure>



<div class="wp-block-image"><figure class="alignleft is-resized"><a href="https://www.pomponradar.com/index.php/livre-pompon-radar/"><img decoding="async" loading="lazy" src="https://www.pomponradar.com/wp-content/uploads/2020/06/Couvert-avant-682x1024.jpg" alt="" class="wp-image-25" width="400" height="600" srcset="https://www.pomponradar.com/wp-content/uploads/2020/06/Couvert-avant-682x1024.jpg 682w, https://www.pomponradar.com/wp-content/uploads/2020/06/Couvert-avant-200x300.jpg 200w, https://www.pomponradar.com/wp-content/uploads/2020/06/Couvert-avant-768x1153.jpg 768w, https://www.pomponradar.com/wp-content/uploads/2020/06/Couvert-avant-1568x2355.jpg 1568w, https://www.pomponradar.com/wp-content/uploads/2020/06/Couvert-avant.jpg 1799w" sizes="(max-width: 400px) 100vw, 400px" /></a><figcaption><a href="https://www.pomponradar.com/index.php/livre-pompon-radar/">Pompon Radar</a></figcaption></figure></div>



<div class="wp-block-image"><figure class="alignleft is-resized"><a href="https://www.pomponradar.com/index.php/livre-le-tdah-une-force-a-reequilibrer/"><img decoding="async" loading="lazy" src="https://www.pomponradar.com/wp-content/uploads/2020/07/couvertureTDAH-DD.jpg" alt="" class="wp-image-53" width="393" height="602" srcset="https://www.pomponradar.com/wp-content/uploads/2020/07/couvertureTDAH-DD.jpg 359w, https://www.pomponradar.com/wp-content/uploads/2020/07/couvertureTDAH-DD-196x300.jpg 196w" sizes="(max-width: 393px) 100vw, 393px" /></a><figcaption><a href="https://www.pomponradar.com/index.php/livre-le-tdah-une-force-a-reequilibrer/">Le TDAH, une force à rééquilibrer</a></figcaption></figure></div>



<div class="wp-block-image"><figure class="alignleft is-resized"><a href="https://www.pomponradar.com/index.php/livre-adhd-a-power-to-rebalance/"><img decoding="async" loading="lazy" src="https://www.pomponradar.com/wp-content/uploads/2020/07/image-ADHD-a-Power-to-Rebalance.jpg" alt="" class="wp-image-54" width="402" height="602" srcset="https://www.pomponradar.com/wp-content/uploads/2020/07/image-ADHD-a-Power-to-Rebalance.jpg 267w, https://www.pomponradar.com/wp-content/uploads/2020/07/image-ADHD-a-Power-to-Rebalance-200x300.jpg 200w" sizes="(max-width: 402px) 100vw, 402px" /></a><figcaption><a href="https://www.pomponradar.com/index.php/livre-adhd-a-power-to-rebalance/">ADHD, a Power to Rebalance</a></figcaption></figure></div>



<h2>Une réponse à la surmédicalisation du TDA/H</h2>



<h3>Formation <a href="https://www.weezevent.com/de-tda-h-a-pompon-radar-le-tda-h-une-force-a-reequilibrer">Le TDA/H, une force à rééquilibrer</a> par Diane Dulude, Ph.D., Psychologue</h3>



<h3>Mardi 19 Octobre 2021 de 19h à 21h30 au Centre St-Pierre à Montréal et en Webdiffusion.</h3>



<p>La semaine du 14 au 21 octobre 2021 est la semaine de la sensibilisation au TDA/H.</p>



<p>Si vous avez le goût de sortir de la surmédicalisation, je donne une formation sur l&rsquo;approche clinique et scientifique que j&rsquo;ai développée et qui fait de plus en plus ses preuves: <a href="https://www.weezevent.com/de-tda-h-a-pompon-radar-le-tda-h-une-force-a-reequilibrer">Le TDA/H, une force à rééquilibrer</a>.</p>



<p>Cette approche offre à toute personne affectée d&rsquo;un TDA/H un nouveau regard sur son profil de personnalité. La formation s&rsquo;adressera plus spécifiquement aux parents et intervenants pour les aider à accompagner les enfants dans le développement de leur plein potentiel autonome et heureux. <a href="https://www.weezevent.com/de-tda-h-a-pompon-radar-le-tda-h-une-force-a-reequilibrer">Inscrivez-vous ici.</a></p>



<h3 class="has-text-align-center"><br></h3>



<p><a href="https://www.pomponradar.com/wp-admin">Administration</a></p>

<p>Bonjour, je suis Dre Diane Dulude (Ph.D.) psychologue spécialisée dans la famille, les relations, les enfants, le développement des jeunes, le TDAH, le concept de soi et la résilience. Je collabore activement depuis plus de vingt ans maintenant avec des collègues médecins, neuropsychologues, éducateurs spécialisés et enseignants dans la prise en charge de jeunes atteints [&hellip;]</p>
